366?
6
Calculate the greatest common divisor of 12245 and 403.
31
What is the highest common factor of 2390696 and 504?
56
What is the greatest common divisor of 15912 and 270?
18
Calculate the highest common divisor of 527 and 974032.
17
Calculate the greatest common divisor of 2232 and 2880.
72
What is the greatest common divisor of 2635 and 10695?
155
Calculate the greatest common divisor of 3417 and 1224.
51
Calculate the greatest common divisor of 137095 and 30.
5
What is the highest common divisor of 5370228 and 36?
36
Calculate the highest common factor of 623974 and 26.
26
Calculate the highest common factor of 19 and 277.
1
What is the greatest common factor of 266843 and 1735?
347
What is the greatest common divisor of 125 and 188875?
125
What is the highest common factor of 121304 and 1121?
59
Calculate the highest common divisor of 18 and 722520.
18
What is the greatest common factor of 52 and 76089?
13
Calculate the greatest common divisor of 2575377 and 63.
63
What is the highest common factor of 844 and 996342?
422
Calculate the highest common factor of 164 and 2097478.
82
What is the highest common factor of 869 and 27176?
79
Calculate the highest common factor of 150 and 1130700.
150
Calculate the highest common divisor of 26895 and 10065.
165
Calculate the greatest common divisor of 3277 and 1044.
29
Calculate the highest common factor of 10621 and 62608.
559
Calculate the highest common factor of 192761 and 6042.
53
Calculate the highest common factor of 186222 and 984.
246
Calculate the greatest common factor of 1025390 and 20.
10
What is the highest common factor of 4400 and 1400?
200
What is the highest common factor of 282 and 18?
6
Calculate the highest common factor of 2475 and 759.
33
What is the highest common divisor of 386459 and 1115?
223
Calculate the highest common divisor of 25278 and 1012.
22
Calculate the greatest common divisor of 40 and 100180.
20
What is the greatest common factor of 555 and 451955?
185
What is the highest common factor of 1687720 and 40?
40
What is the greatest common factor of 39633 and 99?
33
What is the highest common divisor of 540796 and 55068?
1412
What is the highest common divisor of 383625 and 1250?
125
Calculate the greatest common divisor of 16492 and 68572.
868
Calculate the greatest common divisor of 2651825 and 165.
55
Calculate the highest common factor of 4617 and 4047.
57
Calculate the highest common factor of 24 and 1270216.
8
What is the greatest common divisor of 11 and 385253?
11
Calculate the highest common factor of 9 and 62550.
9
Calculate the greatest common factor of 559056 and 57.
57
Calculate the greatest common factor of 2930 and 862592.
586
Calculate the highest common factor of 233 and 28193.
233
What is the greatest common divisor of 377 and 464?
29
What is the greatest common factor of 65856 and 48?
48
Calculate the highest common divisor of 5330 and 24830.
130
Calculate the greatest common factor of 255 and 187595.
85
What is the greatest common factor of 270 and 19062?
54
What is the highest common factor of 14 and 20272?
14
What is the greatest common factor of 184860 and 360?
180
Calculate the greatest common divisor of 7191 and 72.
9
Calculate the greatest common factor of 1358700 and 1560.
60
Calculate the highest common divisor of 209 and 28557.
19
Calculate the highest common factor of 5719 and 13034.
133
Calculate the highest common factor of 428967 and 1089.
99
What is the greatest common divisor of 1598 and 200126?
94
Calculate the highest common divisor of 131410 and 170.
170
Calculate the greatest common factor of 880 and 927190.
110
Calculate the greatest common divisor of 16731 and 1001.
143
What is the greatest common factor of 21 and 46473?
21
Calculate the highest common factor of 328 and 271912.
328
What is the highest common divisor of 6440907 and 33?
33
What is the greatest common factor of 3322896 and 444?
444
Calculate the greatest common divisor of 142950 and 250.
50
Calculate the highest common divisor of 24604 and 36.
4
Calculate the greatest common factor of 2562 and 210.
42
Calculate the greatest common factor of 5 and 632455.
5
What is the greatest common factor of 20406 and 54237?
537
What is the greatest common factor of 14992 and 16?
16
What is the highest common factor of 2 and 203062?
2
Calculate the highest common factor of 41705 and 2565.
95
What is the greatest common factor of 20 and 2476?
4
Calculate the highest common divisor of 16 and 13576.
8
Calculate the highest common factor of 520000 and 275.
25
Calculate the highest common factor of 292357 and 2236.
559
What is the highest common factor of 3970 and 1642786?
794
What is the greatest common divisor of 4480996 and 65?
13
What is the greatest common factor of 20 and 1749145?
5
What is the greatest common factor of 9855 and 1080?
135
What is the highest common divisor of 86 and 22?
2
What is the greatest common divisor of 456825 and 75?
75
Calculate the highest common factor of 612 and 8871.
3
Calculate the highest common factor of 84 and 12906012.
84
What is the greatest common divisor of 264373 and 4167?
463
What is the highest common divisor of 513 and 7524?
171
Calculate the greatest common factor of 601361 and 37.
37
Calculate the greatest common divisor of 185 and 200355.
185
Calculate the greatest common divisor of 1008 and 822416.
112
Calculate the highest common divisor of 82329 and 221.
13
Calculate the highest common divisor of 1755 and 21255.
195
What is the highest common factor of 31440 and 256?
16
What is the greatest common factor of 278 and 88543?
139
What is the greatest common factor of 16252 and 1683?
17
Calculate the highest common factor of 1201240 and 1416.
472
Calculate the highest common divisor of 1250 and 1068125.
625
What is the greatest common factor of 2535 and 3705?
195
What is the highest common factor of 94898 and 506?
46
What is the greatest common divisor of 1092 and 6825?
273
What is the greatest common factor of 646 and 7296?
38
Calculate the greatest common divisor of 288 and 5792.
32
What is the greatest common factor of 5590 and 6?
2
Calculate the highest common divisor of 47 and 494957.
47
What is the greatest common factor of 70 and 11435?
5
What is the greatest common divisor of 52760 and 110?
10
Calculate the highest common divisor of 1352845 and 845.
845
What is the highest common factor of 204 and 1712070?
102
Calculate the greatest common factor of 13702 and 51.
17
What is the greatest common factor of 468 and 134732?
52
What is the greatest common factor of 260790 and 30?
30
What is the highest common factor of 48151 and 1076?
269
What is the greatest common divisor of 46597 and 17?
17
What is the greatest common factor of 506598 and 1173?
69
What is the highest common divisor of 4 and 5252228?
4
What is the highest common divisor of 414 and 119439?
207
Calculate the highest common divisor of 4315695 and 645.
645
Calculate the highest common factor of 3 and 882633.
3
Calculate the highest common factor of 11744 and 928.
32
What is the highest common divisor of 9504 and 12771?
297
Calculate the highest common factor of 1216 and 4902.
38
What is the greatest common divisor of 890 and 740?
10
Calculate the highest common factor of 507172 and 412.
412
What is the greatest common factor of 590 and 36934?
118
What is the highest common factor of 373014 and 391?
391
What is the highest common divisor of 52 and 37713?
13
What is the greatest common factor of 43870 and 3690?
410
Calculate the greatest common divisor of 854367 and 111.
111
What is the highest common divisor of 7392 and 208?
16
Calculate the highest common factor of 19675 and 125.
25
What is the highest common divisor of 17570 and 250?
10
Calculate the highest common factor of 10 and 5428550.
10
Calculate the highest common divisor of 475 and 135.
5
What is the highest common divisor of 86772 and 2436?
84
Calculate the greatest common factor of 44 and 43776.
4
What is the greatest common divisor of 4160 and 2106?
26
Calculate the highest common divisor of 758 and 514.
2
What is the greatest common factor of 6437371 and 703?
703
Calculate the highest common factor of 322 and 5635.
161
What is the highest common divisor of 10 and 1630300?
10
What is the highe